 be -4 + (-4 - -4)/(-5) + 2398. Suppose 0 = -4*a + 13*a - i. What is the units digit of a?
6
Let t(z) = -z**3 - z**2 - z - 1. Let u be t(-1). Let h = 3 - u. Suppose h*j = 6*j - 75. What is the tens digit of j?
2
Let s = -258 + 274. What is the units digit of s?
6
Let k be (1976/(-14))/(-4) - 6/21. Let t = k + 60. What is the tens digit of t?
9
Suppose 25 = -5*w, 2*c - w - 3 = 12. Suppose 0 = -3*r + 5*r + c*o - 246, 4*o + 282 = 2*r. What is the hundreds digit of r?
1
Let p = 12 + -12. Suppose 5*f - 3*u = p, u = -3*u. Let h(r) = -r**2 - 2*r + 23. What is the tens digit of h(f)?
2
Let y be (-34)/119 + 648/14. Suppose 43*q - y*q = -276. What is the tens digit of q?
9
Let d(i) = -i + 14. Let a be d(12). What is the units digit of 0 - (-315)/20 - a/(-8)?
6
Let h = -2038 + 3951. What is the hundreds digit of h?
9
Suppose 6*j = 2*j - 148. Let f = 124 + j. What is the units digit of f?
7
What is the hundreds digit of -6 + ((-108)/12 - -787)?
7
Suppose -3*f - 81 = -6*f. Let t = f - -3. What is the units digit of t?
0
Suppose 0 = 15*j - 13*j - 1434. What is the tens digit of j?
1
Let c be ((-16)/(-24))/(1*(-2)/249). Let h = c + 170. What is the tens digit of h?
8
Let i = 3819 + -1439. What is the hundreds digit of i?
3
Suppose -39*k - 4866 = -45*k. What is the tens digit of k?
1
What is the units digit of (3312/46)/(27/(-12) + 3)?
6
Suppose w - 18 + 2 = 0. Let a = w - 16. Suppose -k + 35 - 8 = a. What is the units digit of k?
7
Let d(a) = -a**2 + 6*a - 5. Let t be d(4). Suppose -4*c + t*g + 12 = 0, -5*c - 9 = g - 24. Let k(m) = 7*m - 4. What is the units digit of k(c)?
7
Suppose 0 = 9*a - 10*a. Suppose -2*f = -a - 8. Let y(p) = p**2 + 2*p - 5. What is the units digit of y(f)?
9
Let c(f) = -2 - 33*f + 4 + 2 - 2. What is the units digit of c(-2)?
8
Suppose 2*y - 2*t + 16 = 0, 0*t + 4 = -4*t. Let q = y + 14. Suppose -q*g = 2*i - 42, 6*i - 3*i = -5*g + 58. What is the tens digit of i?
1
Let b(c) = -c**3 + 16*c**2 - 13*c + 12. Let x be b(15). Suppose -5*u + u = -l - 13, -70 = 2*l + 3*u. Let n = x + l. What is the tens digit of n?
1
Suppose -6*h = 5*r - 11*h + 5, -2*h + 8 = 0. Let g be 1 + 121 + -2 + 1. Suppose -34 + g = r*z. What is the units digit of z?
9
Let c be 4 - (0 + -9) - 1. Let k be -33*(-2)/c*2. Suppose -62 = -3*h - k. What is the tens digit of h?
1
What is the thousands digit of 132/66 + ((-2)/(-2) - -2671)?
2
Suppose -371 = -2*h + 29. What is the units digit of h?
0
Suppose 43 = -5*m + 8. Let v(g) = g**2 + 5*g - 2. Let o be v(m). What is the units digit of (-30)/o*(-36)/10?
9
Let a be (-6020)/(-8) + (-4)/(-8). Let i be a/21 + (-3)/(-21). Suppose i = 2*c + n - 6*n, 2*c - 48 = 2*n. What is the units digit of c?
8
Suppose -5*c = -2*o - 14, -3 = 3*o + 2*c - 1. Let d(l) = 7*l**2 + 6*l + 6. What is the tens digit of d(o)?
2
Suppose -736 = -q + 5*c, -223*c + 3530 = 5*q - 218*c. What is the hundreds digit of q?
7
Suppose 353 + 335 = 8*z. What is the units digit of z?
6
Let l(y) = -3*y - 10. Suppose -2*g - 6 = 5*i, g + 5*i + 5 = 2. Let w be l(g). What is the units digit of (-15)/(-5) + (w - -41)?
3
Suppose -4*n = -2*i + 28, -3*i + 2*n + 30 = -12. What is the units digit of (i + -55)*(0 - 1)?
1
Suppose 4*m - 1 + 5 = 4*b, -b + 2*m = -3. Let q = b - -2. Let n = 6 - q. What is the units digit of n?
5
Let q(x) = x**3 + 4*x**2 + 3*x. Let s be q(-3). Suppose m + 5 = 4*d - s*m, -4*m = -3*d + 7. What is the tens digit of d + 10 + 1/(-1)?
1
Let o = 3288 + -1895. What is the tens digit of o?
9
Suppose -3 = -3*q, 3*q - 7*q + 529 = 3*g. Let x = 245 - g. Suppose 0 = -3*f - 2*f + x. What is the tens digit of f?
1
Let y = 626 + 966. What is the thousands digit of y?
1
Let t(q) = -q - 3. Let o be t(-5). What is the units digit of 21/o*56/12?
9
What is the thousands digit of (1*-4)/(-10 - (-357136)/35717)?
4
Let y be 72/126 - (-106)/(-14). Let v = y - -55. What is the tens digit of v?
4
Let p(i) = 11*i**2 - 148*i + 48. What is the thousands digit of p(21)?
1
Let f be (9/(-12) - -6) + (-3)/(-4). Suppose 7*p - f*p - 112 = 0. What is the units digit of p?
2
Let p(y) be the second derivative of -3*y**5/20 + y**4/24 + y**3/3 + 5*y. Let m(i) be the second derivative of p(i). What is the units digit of m(-1)?
9
Suppose -l + 1912 = -4*s - 2399, 8657 = 2*l - s. What is the hundreds digit of l?
3
What is the tens digit of (1125/90)/((-3)/(-12))?
5
Let j be 6/(-3) + 1 - 5. What is the tens digit of 63/(-6)*36/j?
6
Let t(y) = 81*y**3 + y**2 - 2*y - 4. What is the tens digit of t(2)?
4
Let u(s) = -s**2 + 6*s - 1. Suppose 2*a = -z + 8, 4*a - 4*z = z + 30. Let d be u(a). Suppose 40 = j + d*x, 4*x + 119 = 5*j + 39. What is the units digit of j?
0
Let t be (-187 + (-3 - -3))/(-1). Suppose 675 - t = 4*w. What is the units digit of w?
2
Let f(h) = -4*h**3 - 10*h**2 - 23*h - 13. What is the hundreds digit of f(-6)?
6
Let z be 0/(5/(-10)*-4). Let s be (9 - 8)*(1 - z). What is the units digit of 140/30*9*s?
2
Let c be ((-75)/(-12) - -1) + (-2)/8. What is the tens digit of (-2)/c - (-4101)/21?
9
Let b = 1368 - -304. What is the hundreds digit of b?
6
Let f = 33 - 21. Suppose 0 = 7*w - 3*w - f. What is the tens digit of (-1)/(-3)*w*23?
2
Suppose -79*v - 636 = -82*v. Suppose 5*t - 906 = -y, 4*y - v = -3*t + 335. What is the hundreds digit of t?
1
Let y(v) = -v**2 + 68*v + 52. What is the tens digit of y(39)?
8
Suppose k = -0*k + 134. Suppose 6*y - 2*y = -4, -2*p + 5*y - 119 = 0. Let b = p + k. What is the units digit of b?
2
Let j be 4/(-14) - (-40)/(-7). Let l(d) = d**3 + 6*d**2 + 6*d - 4. Let r be l(j). Let h = 66 + r. What is the tens digit of h?
2
Suppose -47 = -x + 4*b + 91, 3 = -b. Let g = x + -45. What is the units digit of g?
1
Let y = 13 - -2. Let b(l) be the second derivative of -l**5/20 + 7*l**4/6 + 3*l**3 - 2*l**2 + 108*l. What is the units digit of b(y)?
1
Let t(i) = i**3 + 5*i**2 + 3*i + 1. Let p be t(-3). Let n = p - -65. What is the units digit of n?
5
Suppose 638 = 5*d - 2*f - f, -5*f + 150 = d. What is the hundreds digit of d?
1
Suppose 0*b + 2*b - 2 = 0. Suppose 0 = q - b. What is the units digit of ((-252)/4)/(-3)*q?
1
Let a(u) = 8*u**2 + 9. Let g(p) = p**2 + p + 1. Let x(w) = a(w) - 6*g(w). What is the tens digit of x(-5)?
8
Suppose -5*n + 2916 = -574. What is the hundreds digit of n?
6
Suppose 39 = 5*v + 8*v. Suppose 3*f = v - 6, -h + 4*f + 153 = 0. What is the hundreds digit of h?
1
Let r(m) = 3*m**2 + 2*m + 6. Let p be 9/(0 + 3/(-2)). Let b be r(p). Suppose 8*z + 111 = 5*v + 5*z, -2*z + b = 4*v. What is the units digit of v?
4
Suppose 4*x + 2752 = 5*a + 184, 2*x - 2586 = -5*a. What is the hundreds digit of a?
5
Suppose -21 - 2 = l. Let h = l - -27. Suppose -2*a = f - 56, -f + 5*f = -h*a + 116. What is the units digit of a?
7
Let v = -31 + 95. Let r = 77 + v. What is the hundreds digit of r?
1
Suppose -2525 - 125 = -10*j. What is the units digit of j?
5
Let q(n) = -3 - 6*n**2 + 14*n + 13 + 6 - 4*n**3 + 3*n**3. What is the units digit of q(-9)?
3
Suppose 5*a - 16 - 9 = 0. Suppose -5*z = a*y - 64 - 136, y - 3*z = 52. Let v = y - 19. What is the tens digit of v?
2
Let a be ((-9)/6)/(5/(-10)). What is the tens digit of (55/a)/(4/12)?
5
Suppose n = 4*a - 884, 139 = 5*a + n - 975. What is the hundreds digit of a?
2
Suppose 4*f + f + 30 = 5*g, -12 = -3*f. Let t(p) = 11*p - 33. What is the tens digit of t(g)?
7
Suppose -c = -4*k + 20153, 16*k + 4*c = 18*k - 10066. What is the thousands digit of k?
5
Suppose 3055 = 2*h - 3*a - 62, -3*h + 4677 = -5*a. What is the units digit of h?
4
Let w(v) = 1438*v + 141. What is the hundreds digit of w(2)?
0
What is the hundreds digit of (-12)/15 + 4/(-20) + 807?
8
Let c = 43 - 43. Suppose 3*u - 106 + 4 = c. What is the units digit of u?
4
Suppose 5*i - 4*q = 2*i + 145, -i + 47 = -q. What is the units digit of i?
3
What is the tens digit of (-4)/(-5 + 1) + 34 + 0?
3
Let o(b) = 6*b. Let p be o(4). Suppose -z + 3*v = -5, 5*v = -5*z + 8*z + 1. Let w = p + z. What is the tens digit of w?
1
Let a(r) be the first derivative of 2*r**3/3 + 2*r**2 - r + 38. Let z(w) = -w - 11. Let j be z(-7). What is the tens digit of a(j)?
1
Let f(b) = b**3 - 4*b + 3. Let g be f(2). Suppose 692 = 2*i + g*w, 5*i + 4*w - w = 1730. What is the hundreds digit of i?
3
Let o = 2605 - 1553. What is the units digit of o?
2
Let d = 68 + -37. What is the units digit of d?
1
Let 